t is the thousands digit of s?
1
Let k(j) = 573*j**3 + 3*j**2 - 2*j. Let w be k(1). Let s = -20 + 20. Suppose -4*b - 16 = s, -6*c + w = -3*c - 4*b. What is the hundreds digit of c?
1
Let i = 57 + -52. Let x(t) = -t**2 + 4*t + 7. Let h be x(i). Suppose -h*n + 73 = g, -5*n + 190 = g + 4*g. What is the tens digit of n?
3
Suppose 5*h - 29704 - 5526 = -5*r, -2*r + 3*h = -14102. What is the tens digit of r?
4
What is the tens digit of (15 - 2266/154)/(4*2/176372)?
9
Let o = 9 - 6. Suppose 0 = -u + 3*g - 105 + 678, -2*u - o*g = -1110. What is the tens digit of u?
6
Suppose 5*x = -4*j + 16579, 4*j + 28*x - 16581 = 25*x. What is the units digit of j?
6
Let j(g) = 2*g**3 + 36*g**2 - 22*g - 43. What is the thousands digit of j(-12)?
1
Let c be (-156)/(-96) - 9/(-24). What is the units digit of (-2)/((10/25775)/(c/(-10)))?
1
Suppose -12*n = 14*n - 24544. Suppose -3*q - n = -2549. What is the hundreds digit of q?
5
Suppose x + 2*m = -3*m + 475, 2*x = -m + 977. Let o be (x/21)/(2/6). Suppose 5*a - 86 = -2*y, -4*y = 4*a - 3*y - o. What is the tens digit of a?
1
Suppose 0 = -26*q + 23*q + 1368. Suppose -8*y - q = -16*y. Suppose s + y = 168. What is the tens digit of s?
1
Suppose -58*t + 400611 = -300725. What is the hundreds digit of t?
0
Suppose 6*a - 432 = -36. Suppose -2*w + 1048 = n, 0 = -a*n + 63*n + w + 3137. What is the units digit of n?
6
Suppose 3*j + 4*g = -6, -4*j - 11 + 3 = 5*g. Let a(t) = -6*t**3 - t**2 + 8*t + 8. What is the tens digit of a(j)?
3
Suppose 0*b + b - 18 = 3*k, 3*b = -k + 24. Suppose -3014 = -b*y + 730. What is the tens digit of y?
1
Let h(s) = -8*s - 26. Let l be h(-5). Let z be l/3*(12 + -6). Let d = z - 14. What is the tens digit of d?
1
Let p(f) = -4*f - 18. Let k(m) = -m. Let j(i) = -3*k(i) - p(i). Let w be j(-7). Let d = w + 269. What is the units digit of d?
8
What is the hundreds digit of 15907/(((-200)/60)/(10/(-3)))?
9
Suppose -5*z + 105 = 130. Let y be (-20)/6*(503/z + 7). Let n = y + -138. What is the hundreds digit of n?
1
Suppose 49*t - 47*t - 18506 = 2*w, -t + 9254 = -2*w. What is the units digit of t?
2
Let m be 3/(-12) + 25/4. Suppose -27*c + 29*c + 984 = 0. What is the tens digit of (c/(-16))/(m/16)?
8
Let u = 7966 + -5213. Let l = u - 1943. What is the tens digit of l?
1
Let c(j) = -j**3 - 4*j**2 - 5*j - 12. Suppose 0 = -19*v + 1 - 115. What is the units digit of c(v)?
0
Suppose 2732 = 8*c + 132. Let i = 481 - c. What is the hundreds digit of i?
1
Suppose 4*a - 4*o - 67220 = 0, 0 = -19*a + 20*a + o - 16803. What is the ten thousands digit of a?
1
Let t(k) be the second derivative of k**5/20 + 5*k**4/3 + 19*k**3/6 - 9*k**2 - 26*k. Let r be t(-18). Suppose 7*w - w - r = 0. What is the tens digit of w?
4
Let j = -432 - -438. Suppose -13*k + j*k + 11683 = 0. What is the hundreds digit of k?
6
Let s(o) = -8*o - 4. Let i be s(-1). Let g be i/(-6)*(-724 - -1). Let t = -290 + g. What is the tens digit of t?
9
Let x = -2988 + 5000. What is the tens digit of x?
1
Let s = 44567 - 30420. What is the tens digit of s?
4
Suppose -848 = c - 9*c. Let z = 112 - c. What is the units digit of z?
6
Let w be (23/2)/(6/12). Let y = -18 + w. Suppose 0 = 3*o - 2*z + 6*z - 193, 3*o - 188 = -y*z. What is the units digit of o?
1
Let d = -18078 - -30608. What is the thousands digit of d?
2
Suppose 8*x = 12*x, -4*x = -2*k. Suppose k = 9*c - 878 - 139. What is the tens digit of c?
1
Let f be ((-18)/15)/3*-5. Suppose 0 = 3*s - f*s - 2. Suppose 2*o = s*y - 22, 0 = y - 5*y + o + 47. What is the tens digit of y?
1
Suppose 3*t = -2*p + 15731, 8*t + 4*p - 26215 = 3*t. What is the thousands digit of t?
5
Suppose 3*s = q + q - 15, 5*q + 3*s = -15. Suppose 0 = 4*m - 8, h - m - 1 + 5 = q. What is the tens digit of 258 + (7 + h - 1)?
6
Let s(z) = 5*z - 45. Let r(c) = c**2 - 2*c - 5. Let m be r(-3). Let v be s(m). Suppose v*j + 2*y = 33, 0 = -5*j - 9*y + 6*y + 32. What is the units digit of j?
7
Suppose -c = -2*y + 6, -y - 2*c - 14 + 12 = 0. Suppose -968 = -3*d + 2*t, -y*d = -3*t + 4*t - 636. What is the units digit of d?
0
Let g(q) = 7*q + 261*q**2 + 8 + 3*q - 256*q**2 + 9*q. What is the hundreds digit of g(-17)?
1
Suppose -5*r + 7*r - 21351 = -3*d, -5*d + 3*r = -35566. What is the units digit of d?
5
Let m be (3/6)/(1 + 2042/(-2044)). Suppose 30*q + m = 31*q. What is the units digit of q?
1
Suppose 16*d - 28*d + 20304 = 0. Let m = d - 1018. What is the tens digit of m?
7
Let f = 165 + -189. What is the units digit of (-14)/((-6)/(-16)*8/f)?
2
Suppose 0 = 4*m + 2*r - 9052, 4*m + 164*r - 169*r = 9038. What is the hundreds digit of m?
2
Suppose -2*x = -5*l - 713, 5*x + l - 1799 = -3*l. Suppose -x = -r - 7*d + 3*d, -2*r + 703 = 3*d. What is the hundreds digit of r?
3
Let a(h) = -h**3 - 25*h**2 + 18*h - 29. Let d be a(-27). Let s = -463 + d. What is the hundreds digit of s?
4
Suppose 5*t - 2290749 + 297501 = -43*t. What is the thousands digit of t?
1
Let t(q) = q**3 - q**2 + 4*q - 3. Let c be t(3). Let o(g) = -g**2 + 28*g + 240. What is the units digit of o(c)?
7
Suppose 4*n + 1615 - 37 = 2*r, 3*r + 3*n = 2331. Suppose a - 652 = 4*o, o + r = -2*a + 2112. What is the units digit of a?
4
Let f = -498 + 946. What is the units digit of f/24 - 2/(-6)?
9
Let m = -96 - -83. Let d = 41 + m. What is the tens digit of (42/d)/(3/332)?
6
Let r(s) = 28*s**2 + 2*s - 6. Let a(h) = h**3 + 2*h**2 - 2*h - 2. Let p be 3 + -1 + (-4)/6*6. Let q be a(p). What is the tens digit of r(q)?
1
Let j = -3 + 0. What is the hundreds digit of (-9)/18*(-18)/j + 1741?
7
Let r(i) = -61*i - 15. Suppose -17*g - 341 = 14*g. What is the hundreds digit of r(g)?
6
Let m = 140 + -1. Let z = m - 204. Let h = z + 118. What is the tens digit of h?
5
Suppose 2*m - 4*x = -2466, -16*x + 2421 = -2*m - 21*x. Let o = -616 - m. What is the tens digit of o?
0
Let r(q) = -12*q + 14. Let c be r(-13). Let b = c + 46. Suppose -282 - b = -3*l. What is the tens digit of l?
6
Let b(m) = 3*m**2 - 11*m + 17. Let c be b(2). Suppose d = 5*p - 810, -5*p + c*p + d - 331 = 0. What is the units digit of p?
3
Let k(q) = 16*q**2 + 29*q + 191. What is the tens digit of k(-16)?
2
Let l = 116394 + -45968. What is the units digit of l?
6
Let b be (-188)/(-47) + 96*-1. What is the units digit of (b - (5 - 14))*-2?
6
Suppose -6*v - 1344 = 2*v. Let u = 0 - v. What is the units digit of u?
8
Suppose -2*o + 7 = -3*z, -o + 3*z + 14 = -6*o. Let k be 2 - 4 - o - -5. Suppose -a + 62 = -k. What is the tens digit of a?
6
Let k = 4138 + 703. What is the hundreds digit of k?
8
Suppose m + 3*z = 471, 0 = 3*z + 2 - 8. Let d = m + -322. Let j = d - 102. What is the units digit of j?
1
Suppose 213 = -2*y + h, -2*y - h = 3*h + 208. Let t = y + 115. What is the units digit of t?
9
Let n(z) = 3*z**2 - 87*z + 1479. What is the thousands digit of n(33)?
1
Suppose 94*p - 677831 + 18348 = 38091. What is the tens digit of p?
2
Let n = 5 + 5. Suppose n*l = -8 - 22. What is the units digit of -43*-1*(l + 4)?
3
Let l(t) = 2*t**3 - 128*t**2 - 99*t + 51. What is the hundreds digit of l(65)?
0
Suppose 3*m - 44 = -8. Let t(o) = o**2 - 11*o - 15. Let v be t(m). What is the units digit of v/((-3)/(-1)) - -15?
4
Suppose 0 = 4*s - 8, -h + 0*s = -5*s + 18. Let a = h - -19. What is the units digit of 5*a/(165/216)?
2
Suppose -16*r = 1122 - 16466. What is the units digit of 5 + -5 + r + -8?
1
Let t = -53 - -4. Let s = 95 + t. Suppose -s = -2*q + q + 4*r, 3*q = 5*r + 152. What is the tens digit of q?
5
Suppose 0 = 3*n - 26 + 2. Let t be n/14 + (-639)/(-21). Suppose -5*j - 6 = -t, 0 = -2*r - 5*j + 131. What is the tens digit of r?
5
Suppose 32 = 5*d - 8. Let m be (-12*4/d)/2. Let v(y) = 15*y**2 + y + 1. What is the units digit of v(m)?
3
Let u(f) = -796*f**3 - 378*f**2 - f - 5. What is the hundreds digit of u(-4)?
8
Suppose 2*g = -4*j + 900 + 132, -5*g + 1280 = 5*j. Suppose 2*m - j = 4*s, -4*s - 2 = -6*s. Let b = m - -10. What is the units digit of b?
2
Let x(w) = 4*w**2 + w - 4. Let j = 19 + -17. Let k be x(j). Suppose -k*t + 15*t - 104 = 0. What is the units digit of t?
4
Let h(u) = -u**2 + 6*u + 26. Let q be h(8). Let y(r) = 34*r + 3 - q + r**2 - 16*r. What is the units digit of y(5)?
8
Suppose 24*r + 5886 = 27*r. Let u = -426 + r. Suppose -101*j + 107*j = u. What is the units digit of j?
6
Let m be (0 + (-6)/(-1))*5/6. Suppose m*q - w = 1745, 4*q + 2*w - 1412 = 6